hat is y(-4)?
13
Let u(z) = 6*z - 15. What is u(5)?
15
Let b(r) = -r**2 - 8*r - 1. What is b(-10)?
-21
Let o(k) = -k**2 - 5*k - 6. What is o(-6)?
-12
Let v(s) = 2*s**2 + 3*s + 10. What is v(-5)?
45
Let w(b) = b**2 - 21*b - 34. What is w(13)?
-138
Let i(t) = t**3 - 13*t**2 + 11*t + 10. What is i(12)?
-2
Let j(b) = 60*b + 3. Calculate j(0).
3
Let u(k) = k**2 - 10*k - 15. Give u(13).
24
Let z(q) = q**3 - 5*q**2 - 9. Give z(4).
-25
Let a(c) = 5*c - 105. Give a(19).
-10
Let g(i) = i**2 + 10*i + 24. What is g(-3)?
3
Let r(q) = -q**3 - 10*q**2 + 14*q - 2. Give r(-11).
-35
Let v(d) = 3*d**2 - 58*d - 42. Calculate v(20).
-2
Let q(o) = 6*o**2 + 3*o - 2. Give q(1).
7
Let u(t) = t**2 - 18*t + 3. What is u(18)?
3
Let g(c) = -3*c - 19. Determine g(-8).
5
Let k(g) = -g**2 - 58*g - 318. Determine k(-6).
-6
Let h(y) = -y + 14. Determine h(0).
14
Let q(u) = -185*u + 369. Calculate q(2).
-1
Let l(y) = 20*y - 5. Determine l(1).
15
Let a(t) = -17*t - 3. What is a(5)?
-88
Let b(z) = z**3 - 22*z**2 + 20*z + 4. Give b(21).
-17
Let j(u) = -u**3 - u**2 + 8*u + 3. Determine j(-4).
19
Let x(b) = b**3 + 13*b**2 + 13*b + 2. Determine x(-12).
-10
Let x(a) = 6*a - 37. What is x(10)?
23
Let j(o) = o**3 - 9*o**2 - 11*o - 16. Give j(10).
-26
Let l(o) = -2*o**2 - 2*o + 2. What is l(-2)?
-2
Let j(k) = 4*k**2 - k - 1. Give j(-1).
4
Let u(r) = 2*r**3 - 3*r**2 - r - 4. Determine u(2).
-2
Let g(j) = -2*j**2 + 12*j - 3. Calculate g(6).
-3
Let q(p) = p**2 - 10*p + 7. Determine q(7).
-14
Let v(i) = 2*i**3 - i + 1. Calculate v(-1).
0
Let x(u) = -4*u**2 - 40*u + 3. Give x(-10).
3
Let h(q) = q. Determine h(12).
12
Let j(u) = -u**3 - 5*u**2 + 12*u - 10. Give j(-7).
4
Let m(j) = j**2 - 10*j + 3. Give m(8).
-13
Let x(j) = 6*j + 1. What is x(3)?
19
Let t(y) = -2*y**3 + 3*y**2 + 6*y - 12. What is t(2)?
-4
Let a(m) = -m**3 - 10*m**2 - 9*m + 9. Calculate a(-9).
9
Let w(d) = -2*d**3 - 7*d**2 + 3*d + 5. What is w(-3)?
-13
Let t(g) = g**3 + 30*g**2 + 28*g - 27. Give t(-29).
2
Let y(a) = 2*a**2 + 14*a + 53. Give y(-5).
33
Let y(d) = d**2 + 6*d - 9. Give y(-6).
-9
Let f(m) = m**3 - 2*m**2 + 3*m + 2. Give f(3).
20
Let l(k) = -k**3 + 7*k**2 + k - 9. Calculate l(7).
-2
Let v(z) = z - 6. Calculate v(-5).
-11
Let c(q) = -22*q - 542. Give c(-25).
8
Let a(b) = b**3 + 7*b**2 + b + 5. What is a(-7)?
-2
Let a(d) = 10*d + 14. Determine a(-3).
-16
Let i(h) = h**3 - 6*h**2 + 2*h - 22. Calculate i(6).
-10
Let q(a) = a**3 + 40*a**2 + 203*a - 28. Determine q(-34).
6
Let a(o) = -o**2 + o + 37. Give a(7).
-5
Let o(g) = -g**3 + 8*g**2 - 2*g + 18. What is o(8)?
2
Let c(n) = n**3 + 11*n**2 - 13*n - 3. Give c(-12).
9
Let h(k) = k**2 + 12*k + 40. Calculate h(-12).
40
Let k(i) = -i**2 + 8*i - 18. Give k(7).
-11
Let w(a) = -2*a - 14. Determine w(-22).
30
Let g(d) = -d**3 + 8*d**2 - 17*d + 79. Give g(7).
9
Let l(s) = s**3 - 4*s**2 - 5*s - 13. Give l(6).
29
Let w(q) = q**2 + 20*q + 69. What is w(-5)?
-6
Let s(q) = 8*q + 5. What is s(-2)?
-11
Let c(y) = -y**2 + 7*y - 33. Give c(5).
-23
Let g(y) = 3*y - 32. Determine g(9).
-5
Let s(q) = q**3 + 11*q**2 - q - 15. Give s(-11).
-4
Let i(h) = 2*h**2 + 30*h - 21. Give i(-17).
47
Let s(o) = -o**2 - 3*o + 5. Determine s(2).
-5
Let a(y) = -4*y - 108. Calculate a(-31).
16
Let j(r) = -r**3 - 14*r**2 - 10*r + 32. Determine j(-13).
-7
Let a(z) = -z**3 + 7*z**2 - 4*z + 6. Calculate a(6).
18
Let k(x) = 4*x**2 - 2*x + 9. What is k(2)?
21
Let v(j) = j**2 + 14*j + 45. Calculate v(-4).
5
Let j(k) = k + 10. Determine j(18).
28
Let h(v) = -v**2 - 5*v. What is h(-4)?
4
Let b(f) = -f**3 - 5*f**2 + 22*f - 18. Give b(-8).
-2
Let y(k) = k**2. Give y(2).
4
Let m(w) = w**2 - 29*w + 212. Calculate m(17).
8
Let o(r) = -r**2 - 8*r - 4. What is o(-7)?
3
Let f(v) = v**3 - 78. Determine f(0).
-78
Let t(s) = -s**2 + 27*s - 147. What is t(16)?
29
Let d(n) = -n**3 + 10*n**2 - 30*n + 13. What is d(5)?
-12
Let q(j) = j**2 - 16*j + 13. Calculate q(16).
13
Let x(a) = -3*a**2 + 10*a + 52. Give x(-5).
-73
Let p(i) = 3*i + 48. Determine p(-23).
-21
Let t(a) = a**3 + 5*a**2 + 5*a + 3. What is t(-3)?
6
Let i(f) = -f**3 + 6*f**2 + 5*f + 14. Determine i(7).
0
Let u(q) = -q**2 - q - 21. What is u(0)?
-21
Let o(p) = p**3 + p**2 + p - 22. Determine o(0).
-22
Let c(r) = -3*r**3 + 2*r**2 + 6*r + 4. Calculate c(-1).
3
Let i(r) = -r + 4. Determine i(10).
-6
Let v(o) = 32*o + 8. What is v(-1)?
-24
Let d(w) = -2*w**2 - 32*w. Give d(-17).
-34
Let h(q) = q + 3. Determine h(7).
10
Let f(d) = d + 50. Determine f(-6).
44
Let t(y) = -19*y - 21. What is t(-3)?
36
Let j(x) = x**3 + 59*x**2 + 167*x - 53. Determine j(-56).
3
Let f(h) = 25*h - 91. Give f(4).
9
Let w(r) = -r**2 - 6*r + 3. Give w(-3).
12
Let c(n) = 117*n + 465. Give c(-4).
-3
Let r(y) = -y**3 + 8*y**2 - y + 8. Calculate r(8).
0
Let w(q) = 5*q + 38. What is w(-10)?
-12
Let j(u) = 3*u**2 + 2. Calculate j(-3).
29
Let h(q) = 8*q - 5. Give h(4).
27
Let j(o) = o**3 - 14*o**2 + 13*o - 11. Determine j(13).
-11
Let l(s) = 7*s - 169. What is l(24)?
-1
Let g(v) = -v**2 - 7*v + 3. What is g(-7)?
3
Let q(k) = 7*k - 20. What is q(-2)?
-34
Let x(n) = 4*n**2 + 19*n - 26. What is x(-6)?
4
Let l(v) = -3*v - 3. Calculate l(5).
-18
Let x(n) = -2*n**2 - 25*n - 20. Give x(-11).
13
Let h(x) = 12*x**2 - 3. Give h(1).
9
Let w(z) = -z - 1. Calculate w(-8).
7
Let u(o) = o**2 - 24*o + 120. Determine u(16).
-8
Let a(u) = 9*u**2 - 56*u - 9. Calculate a(6).
-21
Let f(t) = -t**3 + 11*t**2 - 18*t - 12. Determine f(9).
-12
Let t(k) = -15*k**3 - 3*k**2 + 8*k - 3. Give t(1).
-13
Let h(k) = k**3 - 11*k**2 - 15*k + 37. Determine h(12).
1
Let p(f) = f**2 - 2*f - 11. Give p(-6).
37
Let w(q) = -2*q - 50. Determine w(-24).
-2
Let z(b) = -b**3 + 16*b**2 + 18*b - 12. Give z(17).
5
Let a(t) = -18*t**2 - 74*t - 7. Give a(-4).
1
Let c(t) = -t**3 + 7*t**2 + 15*t + 4. What is c(9)?
-23
Let q(m) = -11*m - 41. Calculate q(-11).
80
Let h(f) = -f**3 - 4*f**2 + 13*f + 9. Determine h(-4).
-43
Let r(z) = z**3 - 6*z**2 - 3*z. What is r(7)?
28
Let c(f) = 2*f**2 + 10*f - 2. Give c(-5).
-2
Let x(u) = -2*u**3 + 2*u**2 + 3*u - 4. What is x(2)?
-6
Let q(i) = 2*i**3 - 13*i**2 - 49*i + 13. Determine q(9).
-23
Let x(t) = t**2 - 4*t + 1. What is x(7)?
22
Let g(x) = 3*x - 25. Give g(-12).
-61
Let g(i) = 76*i + 91. Calculate g(-1).
15
Let k(s) = -s**3 + 11*s**2 + 23*s + 42. Determine k(13).
3
Let n(y) = -5*y + 109. Calculate n(12).
49
Let q(x) = -x**3 - 37*x**2 - 103*x - 42. Calculate q(-34).
-8
Let g(t) = t**3 - 13*t**2 - 11*t + 3. Give g(14).
45
Let u(s) = -s**2 - 5*s - 6. What is u(-4)?
-2
Let q(g) = g**3 - 4*g**2 + g - 9. What is q(4)?
-5
Let d(l) = l**2 - l - 10. Calculate d(4).
2
Let q(r) = r**3 + 8*r**2 + 9*r + 4. Give q(-7).
-10
Let g(f) = f**2 + 2*f + 4. Calculate g(-3).
7
Let u(o) = 8*o - 88. What is u(11)?
0
Let q(k) = k**3 - 4*k**2 - 5*k - 1. Give q(6).
41
Let x(i) = -6*i - 49. What is x(-8)?
-1
Let l(a) = 6*a**2 - 63*a + 32. Calculate l(10).
2
Let a(c) = 9*c**2 - 2*c - 5. What is a(4)?
131
Let y(x) = x**3 - 13*x**2 + 10*x + 25. Determine y(12).
1
Let v(p) = p**3 + 4*p**2 - p - 5. What is v(-3)?
7
Let k(y) = -3*y**2 - 17*y - 1. Determine k(-6).
-7
Let l(w) = -63*w - 388. Determine l(-6).
-10
Let l(o) = -25*o + 4. Give l(1).
-21
Let u(v) = -17*v + 50. Calculate u(4).
-18
Let b(q) = 9*q + 13. What is b(-4)?
-23
Let l(a) = a**2 + 19*a + 91. Determine l(-10).
1
Let t(d) = 3*d + 1. Determine t(-1).
-2
Let y(p) = -p**2 + 12*p + 21. Determine y(12).
21
Let d(w) = -20*w - 7. Give d(3).
-67
Let v(a) = -a**3 - a**2 - a - 69. Determine v(0).
-69
Let r(c) = 101*c + 2. What is r(-1)?
-99
Let b(l) = 8*l**2 + 4*l - 3. Determine b(2).
37
Let s(g) = -5*g**3 - 2*g**2 + 3*g + 5. Calculate s(-2).
31
Let m(p) = -p**2 + 8*p - 7. Calculate m(6).
5
Let r(x) = 2*x**3 + 9*x**2 + 6*x + 5. Give r(-4).
-3
Let i(q) = q**3 + 12*q**2 - 2*q - 10. Determine i(-12).
14
Let v(y) = -4*y + 118. What is v(29)?
2
Let n(m) = 5*m - 9. Calculate n(6).
21
Let p(h) = -h**3 + h**2 + 3*h + 2. Give p(2).
4
Let t(p) = -2*p**2 - 22*p + 32. Calculate t(-13).
-20
Let z(q) = -q**3 + 7*q**2 - q - 8. Give z(7).
-15
Let i(d) = 11*d**3 - d**2 + d + 2. Calculate i(-1).
-11
Let q(a) = a**3 + 4*a**2 + 2. Give q(-5).
-23
Let p(g) = g**2 + 8*g. Determine p(-8).
0
Let j(t) = -t**3 + 7*t**2 + 5*t + 22. Calculate j(8).
-2
Let f(k) = -k**3 + k**2 + k - 40. Calculate f(0).
-40
Let s(o) = o**2 - 5*o